are the prime factors of 2332587?
3, 17, 45737
What are the prime factors of 4408357?
271, 16267
List the prime factors of 189150.
2, 3, 5, 13, 97
What are the prime factors of 816920?
2, 5, 13, 1571
List the prime factors of 915601.
915601
What are the prime factors of 4200130?
2, 5, 11, 38183
List the prime factors of 358964.
2, 43, 2087
What are the prime factors of 535169?
535169
What are the prime factors of 855836?
2, 19, 11261
List the prime factors of 967546.
2, 483773
List the prime factors of 348417.
3, 38713
List the prime factors of 2959442.
2, 1479721
List the prime factors of 458329.
677
List the prime factors of 27172434.
2, 3, 101, 44839
What are the prime factors of 16489?
11, 1499
List the prime factors of 303257.
303257
List the prime factors of 5323459.
127, 167, 251
List the prime factors of 999130.
2, 5, 11, 31, 293
What are the prime factors of 11829085?
5, 37, 43, 1487
List the prime factors of 71071.
7, 11, 13, 71
List the prime factors of 97726.
2, 131, 373
What are the prime factors of 616865?
5, 123373
List the prime factors of 10761002.
2, 7, 768643
List the prime factors of 334333.
334333
List the prime factors of 3642071.
41, 211, 421
List the prime factors of 2073424.
2, 129589
What are the prime factors of 644578?
2, 11, 83, 353
List the prime factors of 7855886.
2, 3927943
What are the prime factors of 1680349?
11, 173, 883
What are the prime factors of 1781477?
31, 57467
What are the prime factors of 684814?
2, 13, 26339
List the prime factors of 387999.
3, 19, 2269
What are the prime factors of 2716341?
3, 83, 10909
List the prime factors of 2683599.
3, 811, 1103
List the prime factors of 494284.
2, 7, 127, 139
What are the prime factors of 19515366?
2, 3, 13, 83399
List the prime factors of 29483510.
2, 5, 7, 41, 10273
What are the prime factors of 312390?
2, 3, 5, 13, 89
What are the prime factors of 132744?
2, 3, 5531
What are the prime factors of 4452787?
101, 44087
List the prime factors of 1742494.
2, 13, 29, 2311
What are the prime factors of 1158694?
2, 23, 25189
List the prime factors of 1989657.
3, 59, 1249
What are the prime factors of 237736?
2, 29717
What are the prime factors of 130275?
3, 5, 193
List the prime factors of 26214460.
2, 5, 1310723
What are the prime factors of 14396?
2, 59, 61
What are the prime factors of 25448297?
7, 519353
What are the prime factors of 1649172?
2, 3, 7, 29, 677
List the prime factors of 847707.
3, 7, 37, 1091
What are the prime factors of 1329451?
17, 78203
List the prime factors of 277782.
2, 3, 67, 691
List the prime factors of 1130872.
2, 141359
What are the prime factors of 1451112?
2, 3, 13, 4651
What are the prime factors of 12849091?
439, 29269
List the prime factors of 1936520.
2, 5, 48413
List the prime factors of 1066437.
3, 118493
List the prime factors of 1848541.
103, 131, 137
List the prime factors of 1041541.
991, 1051
List the prime factors of 239320.
2, 5, 31, 193
List the prime factors of 431397.
3, 47933
List the prime factors of 526009.
11, 47819
List the prime factors of 843233.
29, 29077
What are the prime factors of 959415?
3, 5, 167, 383
What are the prime factors of 25725?
3, 5, 7
List the prime factors of 13199461.
11, 157, 7643
What are the prime factors of 25163?
25163
What are the prime factors of 156202?
2, 78101
What are the prime factors of 279842?
2, 139921
What are the prime factors of 308700?
2, 3, 5, 7
List the prime factors of 54854.
2, 27427
What are the prime factors of 1262351?
31, 43, 947
List the prime factors of 1423003.
1423003
List the prime factors of 3174381.
3, 7, 50387
List the prime factors of 2281547.
241, 9467
What are the prime factors of 13103086?
2, 467, 14029
What are the prime factors of 1460962?
2, 29, 25189
What are the prime factors of 2204536?
2, 239, 1153
What are the prime factors of 86819?
17, 5107
What are the prime factors of 822225?
3, 5, 19, 577
List the prime factors of 1443126.
2, 3, 19, 12659
List the prime factors of 20962913.
23, 31, 29401
What are the prime factors of 767731?
179, 4289
What are the prime factors of 8764870?
2, 5, 409, 2143
List the prime factors of 10956.
2, 3, 11, 83
List the prime factors of 11248931.
19, 592049
List the prime factors of 18578419.
103, 317, 569
What are the prime factors of 50412?
2, 3, 4201
What are the prime factors of 291117?
3, 97039
List the prime factors of 1301544.
2, 3, 18077
What are the prime factors of 3682213?
3682213
What are the prime factors of 656153?
656153
List the prime factors of 1574254.
2, 11, 163, 439
What are the prime factors of 7926481?
727, 10903
What are the prime factors of 3058551?
3, 339839
List the prime factors of 32568514.
2, 11, 41, 36107
What are the prime factors of 311208?
2, 3, 12967
List the prime factors of 53016.
2, 3, 47
List the prime factors of 158349.
3, 52783
What are the prime factors of 2846449?
79, 137, 263
List the prime factors of 34446.
2, 3, 5741
List the prime factors of 1304213.
37, 101, 349
List the prime factors of 85142.
2, 42571
What are the prime factors of 2138969?
7, 31, 9857
List the prime factors of 556133.
29, 127, 151
List the prime factors of 24329547.
3, 11, 245753
List the prime factors of 199893.
3, 23, 2897
List the prime factors of 10054929.
3, 3351643
List the prime factors of 2501461.
2501461
What are the prime factors of 157295?
5, 163, 193
What are the prime factors of 3350247?
3, 1116749
List the prime factors of 1722180.
2, 3, 5, 28703
List the prime factors of 4617441.
3, 139, 3691
List the prime factors of 2163852.
2, 3, 60107
List the prime factors of 2914326.
2, 3, 29, 1861
What are the prime factors of 67939?
67939
What are the prime factors of 2772046?
2, 101, 13723
What are the prime factors of 66564?
2, 3, 43
What are the prime factors of 5010613?
5010613
List the prime factors of 315515.
5, 63103
List the prime factors of 8784658.
2, 313, 14033
List the prime factors of 2595597.
3, 281, 3079
List the prime factors of 3457817.
11, 17, 41
List the prime factors of 265693.
17, 15629
What are the prime factors of 9981454?
2, 7, 712961
What are the prime factors of 7260157?
23, 41, 7699
What are the prime factors of 612700?
2, 5, 11, 557
List the prime factors of 6090784.
2, 7, 27191
What are the prime factors of 571809?
3, 7, 73, 373
What are the prime factors of 12282276?
2, 3, 23, 44501
List the prime factors of 3782786.
2, 7, 19, 14221
List the prime factors of 13905198.
2, 3, 383, 2017
List the prime factors of 2712177.
3, 13, 7727
List the prime factors of 285533.
285533
List the prime factors of 375341.
375341
List the prime factors of 1767786.
2, 3, 37, 7963
List the prime factors of 3180362.
2, 151, 10531
What are the prime factors of 2712224?
2, 131, 647
What are the prime factors of 269523?
3, 29947
List the prime factors of 1629615.
3, 5, 13, 61, 137
List the prime factors of 1363681.
11, 151, 821
List the prime factors of 4629124.
2, 47, 24623
What are the prime factors of 291192?
2, 3, 11, 1103
What are the prime factors of 109230?
2, 3, 5, 11, 331
List the prime factors of 22355672.
2, 181, 15439
What are the prime factors of 262616?
2, 17, 1931
List the prime factors of 3249714.
2, 3, 13, 61, 683
What are the prime factors of 255096?
2, 3, 1181
List the prime factors of 131017.
37, 3541
List the prime factors of 27335.
5, 7, 11, 71
List the prime factors of 3769620.
2, 3, 5, 62827
List the prime factors of 208540.
2, 5, 10427
What are the prime factors of 4403640?
2, 3, 5, 36697
List the prime factors of 1004841.
3, 311, 359
What are the prime factors of 3237299?
13, 29, 31, 277
What are the prime factors of 10813267?
449, 24083
What are the prime factors of 2178867?
3, 726289
List the prime factors of 8439757.
1747, 4831
What are the prime factors of 1999504?
2, 13, 9613
List the prime factors of 498111.
3, 23, 7219
What are the prime factors of 5625435?
3, 5, 375029
What are the prime factors of 6204260?
2, 5, 19, 29, 563
What are the prime factors of 340102?
2, 7, 17, 1429
What are the prime factors of 210108?
2, 3, 17509
What are the prime factors of 3777441?
3, 37, 34031
What are the prime factors of 9931652?
2, 2482913
List the prime factors of 7261347.
3, 31, 78079
List the prime factors of 551483.
551483
What are the prime factors of 6489991?